?
True
Is 1255969661 a prime number?
True
Is 976277243 composite?
False
Is 9892788071 a composite number?
True
Is 11226992501 composite?
False
Is 386088827 prime?
True
Is 25159210303 a composite number?
False
Is 199194991 composite?
False
Is 2018521667 composite?
False
Is 69164148113 a composite number?
True
Is 9731623121 a composite number?
True
Is 15863062267 a composite number?
True
Is 318136909 prime?
False
Is 22091272997 a prime number?
True
Is 1334446189 a prime number?
True
Is 131938780891 composite?
False
Is 11720953493 a prime number?
True
Is 10185357383 composite?
False
Is 140892898907 composite?
True
Is 41129503 prime?
True
Is 1648566905 a prime number?
False
Is 2231056537 composite?
True
Is 37095683609 composite?
True
Is 21250490939 a prime number?
True
Is 14203441883 composite?
False
Is 15350555651 prime?
True
Is 22500849251 a composite number?
True
Is 2524305733 composite?
False
Is 39292988831 a prime number?
True
Is 94918441 a composite number?
False
Is 7664279011 a composite number?
False
Is 3357731249 prime?
True
Is 450176897 a prime number?
False
Is 626882461 a prime number?
True
Is 466264289 a prime number?
True
Is 287867557 a composite number?
True
Is 38986319663 composite?
False
Is 89633569 a prime number?
True
Is 4089983093 composite?
True
Is 57712600873 a composite number?
True
Is 55380499819 a composite number?
False
Is 91229049029 prime?
False
Is 933032987 prime?
True
Is 89128509707 composite?
True
Is 10378553879 prime?
False
Is 106166634511 composite?
True
Is 1311226733 a composite number?
True
Is 525657901 composite?
True
Is 1847754371 prime?
True
Is 5499094261 composite?
True
Is 12521543 a prime number?
True
Is 8698425061 composite?
True
Is 4604678333 prime?
False
Is 2323787237 a prime number?
True
Is 12120599 composite?
False
Is 8659026977 composite?
False
Is 1825373327 composite?
False
Is 7138649317 a prime number?
True
Is 4638696883 prime?
True
Is 32173907 prime?
False
Is 86498281 composite?
False
Is 6106458521 a prime number?
True
Is 83414290681 a prime number?
True
Is 1607771387 prime?
True
Is 2780856877 a composite number?
False
Is 1809771517 composite?
False
Is 3701466557 prime?
False
Is 138881209547 prime?
True
Is 5504442851 a composite number?
True
Is 2615892841 prime?
False
Is 104327226943 composite?
False
Is 4620523631 prime?
True
Is 9357915949 composite?
False
Is 3635395622 composite?
True
Is 676543133 prime?
False
Is 32356561349 prime?
False
Is 1780183631 composite?
False
Is 707614069 composite?
True
Is 42680301733 a prime number?
False
Is 71215447 composite?
False
Is 687227371 a prime number?
False
Is 984437221 a composite number?
False
Is 221981993 composite?
True
Is 8774086129 composite?
False
Is 51090325141 prime?
True
Is 23541500683 a composite number?
True
Is 7263624961 a composite number?
True
Is 3118989059 composite?
True
Is 144670243 prime?
False
Is 12056559847 composite?
True
Is 40999855537 a composite number?
False
Is 22918806797 prime?
False
Is 5836715081 composite?
False
Is 402417269 composite?
True
Is 97605763919 prime?
True
Is 448366951 composite?
False
Is 140206817353 a composite number?
False
Is 871574153 a prime number?
True
Is 70608127 a composite number?
True
Is 46244516557 a prime number?
False
Is 578098529 a prime number?
True
Is 729410897 a composite number?
False
Is 4989704861 prime?
True
Is 1822451773 composite?
False
Is 1696819967 composite?
False
Is 477392411 a prime number?
True
Is 28441070135 composite?
True
Is 16069050677 composite?
False
Is 12585447299 a prime number?
False
Is 20503517849 composite?
True
Is 359298467 a prime number?
False
Is 7179087563 a prime number?
False
Is 79025657 a prime number?
True
Is 20973713881 a prime number?
True
Is 91370777243 prime?
False
Is 232038061 prime?
True
Is 19696103393 composite?
True
Is 420377667 a prime number?
False
Is 433516169 a composite number?
True
Is 48847537289 a prime number?
True
Is 30335074097 composite?
False
Is 174800501 a composite number?
False
Is 14985226537 prime?
True
Is 5773343789 prime?
True
Is 35127161 a prime number?
True
Is 6666656903 a prime number?
True
Is 551510539 prime?
False
Is 88761978523 a composite number?
True
Is 25542676843 composite?
True
Is 13015475173 composite?
False
Is 169276451 a composite number?
True
Is 14133145373 composite?
False
Is 80054210777 a composite number?
True
Is 20761195723 prime?
False
Is 331539163 a prime number?
True
Is 11912521459 a composite number?
False
Is 933928669 composite?
False
Is 5739922691 a prime number?
True
Is 45797491622 composite?
True
Is 162129074 a composite number?
True
Is 4237809187 composite?
True
Is 2111117891 a prime number?
True
Is 1043502371 composite?
True
Is 1939160407 a prime number?
False
Is 941346223 composite?
True
Is 4339213387 composite?
True
Is 76676804081 prime?
True
Is 369947827 a composite number?
False
Is 6820665457 a prime number?
False
Is 1065290269 composite?
False
Is 3126105883 a composite number?
True
Is 7349930381 a composite number?
True
Is 1532581261 a prime number?
False
Is 2982365717 a prime number?
True
Is 29036441381 a prime number?
True
Is 890745871 a composite number?
True
Is 5561722819 composite?
False
Is 1929828211 composite?
True
Is 181701941 a prime number?
False
Is 40880078383 composite?
False
Is 84656915186 composite?
True
Is 5051238865 a prime number?
False
Is 325367311 composite?
False
Is 5126175969 prime?
False
Is 3788577127 a composite number?
False
Is 1181803289 prime?
True
Is 1295402201 prime?
True
Is 21128467201 prime?
True
Is 151388272783 composite?
True
Is 6475868791 composite?
True
Is 12312075571 a prime number?
False
Is 601041433 a composite number?
True
Is 205507189 prime?
False
Is 2097597893 a composite number?
True
Is 169307171 composite?
True
Is 42353902651 a prime number?
True
Is 122204119 prime?
False
Is 52302760799 composite?
False
Is 42434659357 a prime number?
False
Is 6632069669 prime?
True
Is 43528184071 prime?
True
Is 7857805499 a composite number?
True
Is 10860270899 a prime number?
True
Is 15768264851 prime?
False
Is 1949387239 a prime number?
False
Is 19578777371 a composite number?
True
Is 58662569 composite?
True
Is 417300493 prime?
False
Is 117445929 a prime number?
False
Is 5076929705 a composite number?
True
Is 2418429941 composite?
False
Is 227644601 composite?
False
Is 1946486587 prime?
False
Is 3514568095 a composite number?
True
Is 2438269391 prime?
True
Is 19742673521 prime?
True
Is 14620241683 composite?
False
Is 3171015923 prime?
True
Is 1783263883 a composite number?
True
Is 2844677581 a composite number?
True
Is 13809748361 prime?
False
Is 148545247 prime?
False
Is 1859614811 prime?
True
Is 1735594457 composite?
False
Is 2745637607 prime?
True
Is 10296508433 composite?
False
Is 419217073 composite?
True
Is 24976072487 prime?
False
Is 260419055617 a prime number?
False
Is 47636244787 prime?
True
Is 361098151 a prime number?
True
Is 353082299 prime?
False
Is 31247328583 prime?
True
Is 355428196499 a prime number?
True
Is 180620731 a prime number?
True
Is 52980979033 prime?
True
Is 3360457069 a prime number?
True
Is 4616649647 a composite number?
True
Is 1004911961 a composite number?
False
Is 12887818699 a prime number?
False
Is 965327245 prime?
False
Is 5134468631 a prime number?
True
Is 186796759287 composite?
True
Is 1420311559 composite?
False
Is 607961087 a composite number?
False
Is 550264061 prime?
False
Is 68449360857 composite?
True
Is 566199817 prime?
True
Is 159613747 a composite number?
True
Is 17539503115 prime?
False
Is 108044465 composite?
True
Is 102949183471 composite?
False
Is 84363883 a composite number?
True
Is 553307489 a composite number?
True
Is 31627111337 a prime number?
True
Is 52377763 a composite number?
False
Is 299826083 composite?
True
Is 289504811 composite?
False
Is 3148595603 prime?
False
Is 27834538469 a composite number?
False
Is 1850825749 composite?
True
Is 3892667069 a prime number?
False
Is 195838 composite?
True
Is 9269501869 a composite number?
False
Is 2534734351 composite?
False
Is 1651452622 composite?
True
Is 269437327 a composite number?
True
Is 83165985613 a composite number?
True
Is 6392686499 a composite number?
False
Is 26654044169 prime?
True
Is 13491071 a prime number?
False
Is 276848899 a prime number?
True
Is 39680530201 p